c(t)?
False
Suppose -2 = -3*g + 7*g - 5*f, -4*g = f - 10. Is g a multiple of 2?
True
Suppose 0*l - 2*l = -10. Suppose 4*y + 4*r = 28, l*r + 39 = 2*y + 2*r. Does 6 divide y?
True
Let o = 11 + -7. Suppose 2*l = -2*s + 16, o*s = s - l + 16. Suppose -u - s*u + 60 = 0. Is 4 a factor of u?
True
Suppose 4*p = 5 + 7. Suppose 4*u + 6*j = j + 43, -p*u = -5*j - 6. Is 3 a factor of u?
False
Suppose k = 24 + 64. Does 11 divide k?
True
Let k(t) be the second derivative of -3*t**5/2 + t**3/6 + t**2/2 + 2*t. Let a(n) = n**3 - 5*n**2 - 5*n - 7. Let m be a(6). Is 15 a factor of k(m)?
True
Suppose -2*s - 5*v + 37 = 0, v - 25 = -2*s - 0*v. Is s even?
False
Let o(p) = p**2 - 8*p + 5. Let g be o(8). Suppose -2*z + 5*k = 10 - 30, -5*k - 35 = -5*z. Suppose q + q + 234 = g*f, -z*q = 3*f - 128. Is f a multiple of 18?
False
Let g be (0 + 0)/((-4)/4). Suppose -2*m - 54 = -4*u, g = 2*u + 3*u - 2*m - 66. Does 6 divide u?
True
Is ((-152)/(-12))/((-2)/(-3)) a multiple of 19?
True
Suppose -3*j + 2*w = 131, -4*w - 1 = -5. Let v = 75 + j. Does 11 divide v?
False
Let a = -27 - -67. Let b = a - 20. Suppose -3*x + b = -22. Does 11 divide x?
False
Let o be (-1)/(9/3)*-24. Suppose f + 3 = -o. Let t = -3 - f. Does 8 divide t?
True
Is 255/(-10)*8/(-6) a multiple of 17?
True
Suppose 2*z - 3*z = -18. Let g = z - 3. Does 6 divide g?
False
Suppose 6 = -2*y + 2*h + 3*h, h = -4*y + 10. Suppose -y*a - 4 = -4*f + 32, -a + 14 = 2*f. Suppose -i = f - 25. Is 9 a factor of i?
False
Suppose -15 = -4*p + 21. Does 5 divide p?
False
Let f be ((-3)/(-9) - 0)*-3. Let s = f + -5. Let h(p) = p**3 + 6*p**2 - 3*p - 1. Is 8 a factor of h(s)?
False
Let w(k) = 37*k + 2. Is 13 a factor of w(4)?
False
Suppose 4*q = 122 + 14. Is q a multiple of 17?
True
Let d be 2 - (-5 + 0) - 2. Suppose 0 = 5*t - 6*h + h - 90, -4*h = -d*t + 90. Is t a multiple of 18?
True
Suppose 394 + 530 = 7*r. Is r a multiple of 34?
False
Let m(h) = -h**3 - 10*h**2 - 8*h + 7. Let p be m(-9). Does 16 divide (-105)/p*(-4)/(-6)?
False
Let r = -25 - -74. Is 15 a factor of r?
False
Suppose -448 = -6*y - 2*y. Is 28 a factor of y?
True
Let p(i) = 6*i**2 + 3*i - 2. Is 7 a factor of p(2)?
True
Let y = -20 + 29. Is y even?
False
Suppose g - 4*w = 25 - 0, -2*g + 50 = 5*w. Is 8 a factor of g?
False
Let j(f) = 3*f. Let w be j(-1). Let l be (-1)/w + 141/9. Let k = -8 + l. Is 7 a factor of k?
False
Suppose s - 5 - 1 = 0. Suppose 9*c - s*c = 114. Is c a multiple of 14?
False
Suppose w + 0*w - 5 = 0. Let j = 0 + w. Let q = j + 34. Is 13 a factor of q?
True
Does 30 divide 1/2 - (-654)/4?
False
Let i(s) = 2*s**3 + 2*s**2 + s. Suppose -2*g + 4*g = -4*h - 16, 2*g + 5*h = -21. Is 13 a factor of i(g)?
True
Let k(u) = -u**3 + 8*u**2 + u + 3. Let l be k(8). Let v(a) = -a + 25. Does 6 divide v(l)?
False
Let u = -43 - -59. Is u a multiple of 3?
False
Let j(s) = -s**3 + 6*s**2 + 9*s + 4. Is j(7) a multiple of 6?
True
Let k = 344 + -188. Is k a multiple of 13?
True
Let l be (-17)/(-5) - 6/15. Suppose -l*d + 0*d + 3 = 0. Let o = d + 10. Is o a multiple of 5?
False
Let p(l) = 43*l + 2. Is 23 a factor of p(2)?
False
Let f = 30 - 98. Let d = f - -35. Let w = d + 48. Does 15 divide w?
True
Let s(f) = f**2 + 4*f + 1. Let q be s(-3). Let u be (-5)/4 - q/8. Is (36 - u) + (-2)/1 a multiple of 12?
False
Let o(a) = -a**2 - 1. Let n be o(1). Let c(t) = -10*t + 3*t + 5*t - 8*t. Is c(n) a multiple of 10?
True
Suppose 7 = -3*u - 5, 5*u + 4 = 4*r. Let a be r/10 - 6/(-15). Suppose 2*v - 5*v + 3*f + 126 = a, -12 = 3*f. Is v a multiple of 19?
True
Let r = -19 + -58. Does 13 divide (-2)/5 - r/5?
False
Suppose 5*s + 3*a = 54, s - 4*a = 2*s - 4. Is 21 a factor of 1/3 + 452/s?
False
Suppose -4*t + 86 = -34. Is 9 a factor of t?
False
Let r(y) = y**2 - 8*y - 6. Let s be r(9). Suppose -5*f + 50 = 4*n, 2*f + s*f + 2*n - 60 = 0. Is 7 a factor of f?
True
Is (-136 + 1)*32/(-48) a multiple of 30?
True
Let s(q) = -6*q**3 + 2*q**2 - q - 13. Does 17 divide s(-3)?
True
Suppose 2 = 5*b + 2*o - 11, 3*o - 3 = -2*b. Is 6 - (18/b)/(-3) a multiple of 8?
True
Suppose 0 = -3*c - 2*d + 40, -d = -5*c - 30 + 101. Is 7 a factor of c?
True
Suppose -w = 16 - 41. Is w a multiple of 25?
True
Let p(k) = -k - 3. Let q be p(-3). Suppose q = 2*o - 4 - 0. Suppose -4*m = -3*u + 32, -4*m = 2*u - o*m - 26. Is 7 a factor of u?
False
Does 46 divide 0/(-4) - 1 - 21*-7?
False
Suppose -a + 13 = q + 2*q, -5*a = -20. Is 3 a factor of (12/1 - q)/1?
True
Let i be (-141)/15 - 9/15. Let b(j) = j**3 + 11*j**2 + 7*j - 8. Is b(i) a multiple of 11?
True
Let q = -6 - -11. Suppose -q*s + 21 = -19. Does 4 divide s?
True
Let u = 88 + -34. Is 4 a factor of u?
False
Let v(a) = -2*a**3 + 3*a**2 + 16*a + 14. Is 6 a factor of v(-4)?
True
Suppose u = -2*v - 4*u + 192, -4*u = -v + 96. Is 24 a factor of v?
True
Suppose 5*o - 73 = 7. Is 2 a factor of o?
True
Let y = 11 + -7. Let p(v) = -4*v + y*v - 2*v - 2*v. Is 4 a factor of p(-3)?
True
Let r be -2 - (-2)/((-4)/(-26)). Let x = -8 + r. Suppose -x*y + 80 = 2*y. Is y a multiple of 8?
True
Let u = 6 + -2. Suppose 2*z - 148 = -3*p - 3*z, 0 = 4*p + u*z - 192. Is 19 a factor of p?
False
Is 18 a factor of 2/(-10) + (-721)/(-5)?
True
Let b = 32 + 31. Is 7 a factor of b?
True
Does 20 divide (-3)/((-12)/316) + 1?
True
Suppose j - u = 0, -4*u + 28 = j + 2*j. Suppose -2*x + 3*i = -10 - 357, j*x + i = 769. Is (-2)/9 + x/9 a multiple of 12?
False
Let c be (0 - -1)/((-10)/290). Let l = -9 - c. Is l a multiple of 10?
True
Let b(t) = 2*t**2 - 2*t - 16. Is b(-7) a multiple of 16?
True
Let w = 144 + -70. Let z = w + -47. Does 10 divide z?
False
Suppose 2*a + 26 - 6 = 0. Let m = 61 + a. Does 20 divide m?
False
Suppose -2*g + 5*c = -263, -g - 2*c = -170 + 61. Is 12 a factor of g?
False
Let y(c) = -5*c + 1. Let k be y(-1). Suppose -30 = -2*i - k. Suppose h - 3*g - 12 = -g, 4*h - i = -4*g. Does 4 divide h?
False
Let z = 95 - 51. Suppose 4*j = -p + 67, -p - p + z = 3*j. Is j a multiple of 18?
True
Is 12 a factor of (9600/10)/5*2/4?
True
Suppose -28*j + 26*j = -8. Does 2 divide j?
True
Suppose -3*p + 7*p = -3*u - 4, 3*u = -5*p - 5. Suppose -2*x = -4*f - f + 200, 3*x + 15 = u. Does 19 divide f?
True
Let s(m) = 4*m - 2. Let h(t) = -5*t + 2. Let o(a) = -5*h(a) - 4*s(a). Is o(2) a multiple of 6?
False
Suppose -3*r - 2*r + 145 = 0. Is r a multiple of 23?
False
Let n(d) = 5*d - 18. Does 22 divide n(12)?
False
Suppose -2*v + 3*w = 3*v - 408, 4*v = -w + 340. Suppose -3*i = -12, v = 3*p + p - i. Is 11 a factor of p?
True
Let b be -1 + -1 + (-6 - -11). Let o = 6 - b. Suppose -10 = -2*s + o*d + 56, s = -4*d + 33. Does 11 divide s?
True
Let o be 0/(2 + -1 - 0). Let l = 19 - o. Is 12 a factor of l?
False
Is (-33)/(-44) + 2394/8 a multiple of 50?
True
Does 13 divide (-4 - 90/(-4))*2?
False
Let n = 0 + 3. Is n a multiple of 3?
True
Let p be 1053/(-3) + (5 - 2). Is 6 a factor of (-5)/25 + p/(-15)?
False
Let a(b) = b**2 + b + 36. Is a(0) a multiple of 8?
False
Suppose 6*b + 42 = p + b, -5*p + 4*b = -315. Let a = p - 7. Is 20 a factor of a?
True
Let l be (10/(-6) - -2)*-21. Let q = l + 9. Does 2 divide q?
True
Suppose -o + 6*o = 35. Suppose 3*a - 16 = -o. Is 3 a factor of a?
True
Let x(l) = -l - 3. Let f be (-1 - (-5 - -3))*-5. Let r be x(f). Suppose r*h = v - 33, -h + 60 = 4*v - 27. Is v a multiple of 9?
False
Let h(o) = -o**2 - 4*o + 9. Let l be h(-7). Let d = -6 - l. Does 6 divide d?
True
Suppose 5*k + 21 - 1 = 0. Let h = 4 + k. Suppose 2*r - 5*m - 46 = h, 0 = 5*r - m - 3*m - 132. Is r a multiple of 9?
False
Suppose -h + 685 = 4*h. Is 17 a factor of h?
False
Let n(q) = q**2 + 2*q. Let b = -8 + 12. Suppose 0 = -b*j - 0*j - 20. Is n(j) a multiple of 15?
True
Let q(l) = 42*l**2 - l - 1. Suppose 5*c - 15 = 0, -o + 2*c = -3*o + 4. Is 14 a factor of q(o)?
True
Suppose -3*b = -126 - 111. Is b a multiple of 17?
False
Let h(n) = 14*n - 38. Is h(22) a multiple of 20?
False
Let w(u) = -u**3 + 10*u**2 + 6*u - 11. Does 33 divide w(8)?
True
Suppose 5*x - 525 = 2*x + 5*w, 4*x - 729 = -3*w. Does 30 divide x?
True
Suppose 14 = -3*v - 0*w + 2*w, -2*v - w = 7. Let d = 1 - 2. Is 16 a factor of 49 - (4 - (d - v))?
True
Let z(h) = 5*h + 7. Let d be z(8). Suppose 4*c = d + 41. Does 3 divide (c/(-4) - 0)*-2?
False
Suppose 0 = -4*i + 6*i - 26. Suppose -5*d + i = -62. Is 5 a factor of d?
True
Suppose 0 = -5*z - 3*n + 31, 2*z - 3*n = -2*n + 8. Let x(l) = 2*l - 7. Do